{"id":35985,"date":"2017-03-21T10:44:37","date_gmt":"2017-03-21T09:44:37","guid":{"rendered":"http:\/\/www.pirquetschule.at\/?page_id=35985"},"modified":"2024-05-23T16:19:49","modified_gmt":"2024-05-23T14:19:49","slug":"impressum","status":"publish","type":"page","link":"https:\/\/www.pirquetschule.at\/?page_id=35985","title":{"rendered":"Impressum"},"content":{"rendered":"<div class=\"wpb-content-wrapper\"><p>[vc_row][vc_column][vc_column_text css=&#8220;&#8220;]<strong>Ganztagesvolksschule GTVS Prirquetgasse<\/strong><br \/>\nDirektorin:\u00a0<strong>Karin\u00a0Petsovits<\/strong><br \/>\nPirquetgasse 6b<br \/>\n1220 Wien<br \/>\nTelefon:\u00a0<strong>+43-1-4000-563760<\/strong><\/p>\n<p>e-Mail:\u00a0<strong>kontakt@pirquetschule.at<\/strong><\/p>\n<p>Webmaster: <strong>Martin Schmid<\/strong> &#8211; mbs(@)martinschmid.com<\/p>\n<p><b>Rechtshinweise \/ Haftungsausschluss \/ Nutzungsbedingungen<\/b><\/p>\n<p>Diese Internet-Pr\u00e4senz wurde sorgf\u00e4ltig erarbeitet. Dennoch: Der Herausgeber \u00fcbernimmt f\u00fcr eventuelle Nachteile oder Sch\u00e4den, die aus den aufgef\u00fchrten Informationen, Empfehlungen oder Hinweisen resultieren, keine Haftung. Der Inhalt dieser Homepage ist ausschlie\u00dflich zu Informationszwecken bestimmt. Die Informationen stellen in keiner Weise einen Ersatz f\u00fcr professionelle Beratung durch Fachleute dar. F\u00fcr Sch\u00e4den oder Unannehmlichkeiten, die durch den Gebrauch oder Missbrauch dieser Informationen entstehen, kann der Herausgeber nicht \u2013 weder direkt noch indirekt \u2013 zur Verantwortung gezogen werden. Der Herausgeber \u00fcbernimmt keine Gew\u00e4hr f\u00fcr die Aktualit\u00e4t, Richtigkeit und Vollst\u00e4ndigkeit der bereitgestellten Informationen auf seiner Internet-Pr\u00e4senz. Die Haftung des Herausgebers f\u00fcr die Inhalte und Nutzung der Homepage beschr\u00e4nkt sich auf Vorsatz und grob fahrl\u00e4ssiges Verhalten. Die Autoren haften auch nicht f\u00fcr unbefugte Ver\u00e4nderungen durch Dritte (z.B. Hackangriffe etc.). Bei den angelinkten externen Seiten handelt es sich ausschlie\u00dflich um fremde, dem Herausgeber nicht zug\u00e4ngliche Inhalte. Der Herausgeber \u00fcbernimmt keine Verantwortung f\u00fcr den Inhalt der angelinkten Seiten. Es hat lediglich eine \u00dcberpr\u00fcfung der verlinkten Seiten zum Zeitpunkt der Linksetzung stattgefunden, bei der keine Anhaltspunkte f\u00fcr illegale Inhalte entdeckt wurden. Soweit Regelungen und Gesetze wiedergegeben werden, ist allein die amtliche Bekanntmachung ma\u00dfgeblich. Der Herausgeber ist bestrebt, in allen Publikationen die Urheberrechte der verwendeten Grafiken, Tondokumente, Videosequenzen und Texte zu beachten, von ihnen selbst erstellte Grafiken, Tondokumente, Videosequenzen und Texte zu nutzen oder auf lizenzfreie Grafiken, Tondokumente, Videosequenzen und Texte zur\u00fcckzugreifen. Das Copyright f\u00fcr ver\u00f6ffentlichte, von den Autoren selbst erstellte Objekte bleibt allein bei dem Herausgeber der Seiten. Eine Vervielf\u00e4ltigung oder Verwendung ist ohne seine ausdr\u00fcckliche Zustimmung nicht gestattet. Sofern innerhalb des Internetangebotes die M\u00f6glichkeit zur Eingabe pers\u00f6nlicher oder gesch\u00e4ftlicher Daten (E-Mail-Adressen, Namen, Anschriften, Telefon- und Faxnummern etc.) besteht, so erfolgt die Preisgabe dieser Daten seitens des Nutzers auf ausdr\u00fccklich freiwilliger Basis. Der Herausgeber der Internet-Pr\u00e4senz verpflichtet sich im Rahmen des Datenschutzgesetzes zur gr\u00f6\u00dftm\u00f6glichen Verschwiegenheit und wird die Daten nicht unerlaubt weitergeben. Dieser Haftungsausschluss ist als Teil des Internetangebotes zu betrachten, von dem aus auf diese Seite verwiesen wurde. Sofern Teile oder einzelne Formulierungen dieses Textes der geltenden Rechtslage nicht, nicht mehr oder nicht vollst\u00e4ndig entsprechen sollten, bleiben die \u00fcbrigen Teile des Dokumentes in ihrem Inhalt und ihrer G\u00fcltigkeit davon unber\u00fchrt.[\/vc_column_text][\/vc_column][\/vc_row]<\/p>\n<\/div>","protected":false},"excerpt":{"rendered":"<p>[vc_row][vc_column][vc_column_text css=&#8220;&#8220;]Ganztagesvolksschule GTVS Prirquetgasse Direktorin:\u00a0Karin\u00a0Petsovits Pirquetgasse 6b 1220 Wien Telefon:\u00a0+43-1-4000-563760 e-Mail:\u00a0kontakt@pirquetschule.at Webmaster: Martin Schmid &#8211; mbs(@)martinschmid.com Rechtshinweise \/ Haftungsausschluss \/ Nutzungsbedingungen Diese Internet-Pr\u00e4senz wurde sorgf\u00e4ltig erarbeitet. Dennoch: Der Herausgeber \u00fcbernimmt f\u00fcr eventuelle Nachteile oder Sch\u00e4den, die aus den aufgef\u00fchrten Informationen, Empfehlungen oder Hinweisen resultieren, keine Haftung. Der Inhalt dieser Homepage ist ausschlie\u00dflich zu Informationszwecken bestimmt.&hellip;<\/p>\n","protected":false},"author":1,"featured_media":0,"parent":0,"menu_order":0,"comment_status":"closed","ping_status":"closed","template":"","meta":{"footnotes":""},"class_list":["post-35985","page","type-page","status-publish","hentry","description-off"],"_links":{"self":[{"href":"https:\/\/www.pirquetschule.at\/index.php?rest_route=\/wp\/v2\/pages\/35985","targetHints":{"allow":["GET"]}}],"collection":[{"href":"https:\/\/www.pirquetschule.at\/index.php?rest_route=\/wp\/v2\/pages"}],"about":[{"href":"https:\/\/www.pirquetschule.at\/index.php?rest_route=\/wp\/v2\/types\/page"}],"author":[{"embeddable":true,"href":"https:\/\/www.pirquetschule.at\/index.php?rest_route=\/wp\/v2\/users\/1"}],"replies":[{"embeddable":true,"href":"https:\/\/www.pirquetschule.at\/index.php?rest_route=%2Fwp%2Fv2%2Fcomments&post=35985"}],"version-history":[{"count":1,"href":"https:\/\/www.pirquetschule.at\/index.php?rest_route=\/wp\/v2\/pages\/35985\/revisions"}],"predecessor-version":[{"id":39222,"href":"https:\/\/www.pirquetschule.at\/index.php?rest_route=\/wp\/v2\/pages\/35985\/revisions\/39222"}],"wp:attachment":[{"href":"https:\/\/www.pirquetschule.at\/index.php?rest_route=%2Fwp%2Fv2%2Fmedia&parent=35985"}],"curies":[{"name":"wp","href":"https:\/\/api.w.org\/{rel}","templated":true}]}}